7
Let h = -544 + 1166. What are the prime factors of h?
2, 311
Suppose m - 3*z - 2045 = -515, 4614 = 3*m - 3*z. List the prime factors of m.
2, 3, 257
Suppose -1573 - 58 = -7*j. What are the prime factors of j?
233
Let i(g) = -g**3 + g**2 - g + 1. Let u(z) = 7*z**3 - 7*z**2 + 4*z - 3. Let v(y) = 4*i(y) + u(y). List the prime factors of v(4).
5, 29
Let g(y) = 31*y - 45. Let j be ((-84)/49)/((-2)/7). List the prime factors of g(j).
3, 47
Suppose -2*h + 1430 = -4*f, -2*h - f + 1366 + 44 = 0. List the prime factors of h.
7, 101
Let q(g) = 962*g - 342. List the prime factors of q(3).
2, 3, 53
Let b(a) be the first derivative of -a**3/3 - 3*a**2 + 5*a + 6. List the prime factors of b(-5).
2, 5
Let y(k) = 8*k - 6. Let d be y(9). Suppose -2*a + 44 = m - 0*m, 5*m = -3*a + d. List the prime factors of a.
2, 11
Let y(f) = -f - 20. Let m be y(-9). Let t(x) = -x**3 - 12*x**2 - 13*x + 8. Let c be t(m). Suppose c = -4*v + 86. List the prime factors of v.
2, 7
Let q = -8 + -10. Let l = 120 + q. Let d = -67 + l. What are the prime factors of d?
5, 7
List the prime factors of (28 - 26)/(4/670).
5, 67
Suppose h - 26 = -5*y, y = 2*h + 3*h + 26. Let j = 5 - 2. Suppose p + m = 2 + y, 5*p = -j*m + 32. List the prime factors of p.
2
Suppose 56*w - 53*w - 1614 = 0. List the prime factors of w.
2, 269
Let i(m) = m**2 + 1. Suppose -5*z + 20 = -5. Suppose z*u + 7 = -8. What are the prime factors of i(u)?
2, 5
Let m = -30 + 32. Suppose -m*g = -27 - 99. List the prime factors of g.
3, 7
Let g(t) = t**3 - 11*t**2 + 8*t + 11. Let u be g(7). Let y = u - -190. List the prime factors of y.
61
Let u(o) = -105*o + 166. List the prime factors of u(-10).
2, 19
Let a = -7 - -11. Suppose 0 = -5*u + 2*l + 26, -a*l - 8 = u - 0*u. Suppose 0*k = u*k - 100. List the prime factors of k.
5
Let a = 108 + 110. Suppose -2*r - 4*q = -a, -2*r - 2*r + 5*q + 488 = 0. List the prime factors of r.
3, 13
Suppose 32*b - 36183 = -8631. What are the prime factors of b?
3, 7, 41
What are the prime factors of 4912/9 + (-40)/(-180)?
2, 3, 7, 13
Let m(r) = -2*r**2 + 4*r + 3. Let y be m(4). Let z(b) = -b**2 - 18*b - 6. Let f be z(y). Let x = 85 - f. What are the prime factors of x?
2, 13
Let q(i) = -i**2 + 6*i - 6. Let t be q(2). Suppose 6*p - t*p - 136 = 0. What are the prime factors of p?
2, 17
Let n = -50 - -71. Let s = n + -17. Suppose j = -3*k + 42, -s*k + 13 = 4*j - 115. What are the prime factors of j?
3
Let r(k) = k**3 - 2*k. Let m be r(0). Let d(x) be the third derivative of x**5/60 + 4*x**3/3 + 2*x**2. List the prime factors of d(m).
2
Let j be (8/(-10))/((-8)/40). Suppose j*g + a = 93, a = -2*g + 2*a + 51. What are the prime factors of g?
2, 3
Suppose 0 = 27*l + 17*l - 81620. What are the prime factors of l?
5, 7, 53
Suppose -2*p - 1 = s, -4*s = -p + 5*p. Let x = 268 - p. What are the prime factors of x?
269
Suppose -6 = 15*m - 18*m. Suppose -m*j + 480 = 3*j. What are the prime factors of j?
2, 3
Let x be 29/(-2) + 1/(-2). Let i = -12 - x. What are the prime factors of i/(-3 + (-39)/(-12))?
2, 3
Suppose -5*a + 342 - 97 = 0. Suppose l - 62 = -2*c, -l + a - 2 = -c. What are the prime factors of l?
2, 13
Suppose 5*w + z = -1221, -189 = -w + 5*z - 454. Let k = -1371 + w. What are the prime factors of k/(-26) - (-26)/(-169)?
2, 31
Suppose 3*y + 2*u - 7*u = 662, -3*u - 443 = -2*y. What are the prime factors of y?
229
Suppose -5*u + 27 = n, -3*u - 4*n - n + 25 = 0. Let g = 8 - 5. Suppose -g*f + 6*f = -2*s + 53, 5*f = -u*s + 95. What are the prime factors of f?
3, 5
Let t = 7 + -3. Suppose 5*y = -m + 5*m + 1236, t*m - 1204 = -5*y. List the prime factors of y.
2, 61
Suppose 27*i - 25828 = 16*i. List the prime factors of i.
2, 587
Suppose 2*i - 35 = 3*t, 0 = 3*i - 7*i + 3*t + 61. List the prime factors of i.
13
Let d(v) = v**3 + 20*v**2 + 20*v + 19. Let h be d(-19). What are the prime factors of (h + (-12)/9)*(-642)/4?
2, 107
Suppose 49*l - 44*l - 565 = 0. List the prime factors of l.
113
Let a(v) = 2*v**2 + 31*v - 132. List the prime factors of a(15).
3, 29
Let m = -8 + 21. Let q = 19 - m. What are the prime factors of q/2*25/15?
5
Let h(q) = -5 - 10*q - 4*q + 8*q - 12*q. List the prime factors of h(-3).
7
Suppose 5*j + 0*j + 3*m = 15, -2*j + 2*m + 6 = 0. Suppose -3*u - j = y - 69, u = -3*y + 182. List the prime factors of y.
2, 3, 5
Suppose -3*g = 2*a - 2511, -2*g = 3*a - 1344 - 2415. What are the prime factors of a?
3, 139
Let f(y) = -y**3 + 12*y**2 - 9*y - 19. Let v be 14 - ((-2)/9 - (-29)/9). List the prime factors of f(v).
3
Let l(t) be the second derivative of t**4/12 - 13*t**3/6 - 9*t**2/2 + 6*t. List the prime factors of l(-5).
3
Suppose 5 = -4*k + 17. Suppose 3*m - 320 = -2*m + 5*u, -4*m + 259 = -k*u. List the prime factors of m.
67
Let k = 17 - 25. List the prime factors of (k/(-5))/(1*8/20).
2
Suppose i = -s + 545, 4*i = s + 192 - 762. What are the prime factors of s?
2, 5, 11
Suppose -5*n = -3*n. Suppose n = 5*p - 0*p. Suppose p = 6*t - 149 + 17. List the prime factors of t.
2, 11
Let r be ((-2)/4)/((-6)/12). Suppose 5*h + 3*p + r = -5, 5*h = 4*p + 8. Suppose 2*v + 9 = 5*y, -y + 3 + 0 = h. List the prime factors of v.
3
Suppose -438 = r + 5*r. What are the prime factors of (-9 - -8)/(1/r)?
73
List the prime factors of (6/4)/((-72499)/7252 - -10).
2, 7, 37
Suppose -5*o = -4*b - 11, 3*o + b = 4*o - 2. Suppose 4*q - o*z - 218 = 0, 4*q + 4*z - 321 + 89 = 0. List the prime factors of q.
2, 7
Let g be 156/(-20) + 1/(-5). Let j(i) = 7*i + 7. Let w(c) = -6*c - 7. Let b(q) = 3*j(q) + 4*w(q). What are the prime factors of b(g)?
17
Suppose 8*m = 5*m + 108. What are the prime factors of ((-9)/m)/(2/84)*-6?
3, 7
Let n = -5285 + 8623. List the prime factors of n.
2, 1669
Let n = 48 - -2949. List the prime factors of n.
3, 37
Let s(b) = b - 2. Let z(m) = -2*m**3 + 2*m**2 - 7*m - 2. Let l(w) = -6*s(w) - z(w). List the prime factors of l(5).
3, 73
Let g(q) = q**3 - 19*q**2 + 35*q - 11. Let j be g(17). Suppose -4*b = -j*b + 256. List the prime factors of b.
2
Let p(u) = -79*u + 9. List the prime factors of p(-7).
2, 281
Let k(n) = -151*n - 219. List the prime factors of k(-12).
3, 59
Suppose 2*n + 2*a = -2*n + 66, 5*a - 15 = 0. Let u = n + -13. Suppose k + u - 9 = 0. What are the prime factors of k?
7
Let g(d) = -d**3 + 6*d**2 + 13. Let r be (-7)/7*(-2 + 0). Suppose r*w - 15 = -3. List the prime factors of g(w).
13
Let y(f) = 4*f + 9. Let t be y(-3). Let i(s) = -11*s - 1. Let h be i(t). Let n = 92 - h. What are the prime factors of n?
2, 3, 5
Let h(s) = -s + 1. Let f(w) = 42*w + 12. Let k(t) = -f(t) + 10*h(t). Let u be k(2). Let n = u - -163. What are the prime factors of n?
3, 19
List the prime factors of (963/6)/(5/(20/3)).
2, 107
Let v be (1 + 5)/((-18)/(-12)). Let p = -19 + v. Let r = p - -20. List the prime factors of r.
5
Let h be (-377)/(-26) - (-1)/(-2). Suppose -6*g = -62 + h. Suppose -7*i = -9*i + g. List the prime factors of i.
2
Let r(v) = -v**2 + 19*v - 26. List the prime factors of r(7).
2, 29
Let u(w) = 3*w - 4. Let p be u(3). What are the prime factors of 376/10*((-30)/(-4) - p)?
2, 47
Let s(w) = -w**2 - 25*w - 19. Let p be s(-24). Let o(x) = 3*x**3 - 5*x**2. What are the prime factors of o(p)?
2, 5
Let t(u) = -u**2 + 2*u + 4. Let c be t(-3). Let l = 12 + c. What are the prime factors of (-5)/l + 2 + 7?
2
Let a be ((-7)/(-14))/(1/4). Suppose 101 = 4*h - 55. Let t = h - a. What are the prime factors of t?
37
List the prime factors of -2 - (84/56)/((-6)/18328).
2, 5, 229
Let d(n) = -2*n - 14. Let b(q) = -4*q**2 + 5*q - 2. Let u be b(2). Let v be d(u). What are the prime factors of (-4 - 60)/(-4)*v?
2
Let a be 3*2/(-6)*-2. Suppose -a*o + 110 = -0*o. What are the prime factors of o?
5, 11
Let n(w) = -w**2 - 10*w. Let y be n(-10). Suppose -p - 2*p - 4*o + 669 = y, 0 = -3*p + 4*o + 669. What are the prime factors of p?
223
What are the prime factors of 2/(-9) - (-79950)/135?
2, 37
Let m = 18 - 8. Suppose 0*s - m = -2*s, -3*s - 295 = 5*a. List the prime factors of -1*(a - (3 - 2)).
3, 7
Let p(b) = -b**2 + 16*b - 20. Let m be p(17). Let j = -20 - m. Suppose 125 = 3*z + j. List the prime factors of z.
2, 3
Let v = -146 - -299. What are the prime factors of v?
3, 17
Let c = -34 + 6. Let h be (-16)/(-24) - c/(-6). Let i(b) = -2*b**3 - 7*b**2 - 4*b - 2. What are the prime factors of i(h)?
2, 3, 5
Suppos